ousands digit of 2214791797?
7
What is the millions digit of 16155545?
6
What is the thousands digit of 12769874?
9
What is the hundred thousands digit of 20866149?
8
What is the billions digit of 2530681109?
2
What is the hundreds digit of 573210775?
7
What is the millions digit of 48234266?
8
What is the tens digit of 6961365997?
9
What is the ten thousands digit of 669737767?
3
What is the tens digit of 1725248037?
3
What is the units digit of 2184878437?
7
What is the hundred millions digit of 5486274970?
4
What is the millions digit of 106345103?
6
What is the thousands digit of 40518007?
8
What is the hundreds digit of 7758689?
6
What is the ten thousands digit of 68673894?
7
What is the tens digit of 344603366?
6
What is the ten millions digit of 62446304?
6
What is the millions digit of 2026302413?
6
What is the tens digit of 43177104?
0
What is the millions digit of 78946881?
8
What is the ten millions digit of 672964952?
7
What is the thousands digit of 115267616?
7
What is the hundred thousands digit of 736956111?
9
What is the hundred millions digit of 1374978280?
3
What is the hundred millions digit of 1360484178?
3
What is the millions digit of 616341738?
6
What is the ten millions digit of 144226727?
4
What is the hundred thousands digit of 449869940?
8
What is the millions digit of 751327947?
1
What is the tens digit of 46274954?
5
What is the millions digit of 617981469?
7
What is the units digit of 51721602?
2
What is the units digit of 2648324539?
9
What is the hundred millions digit of 260243731?
2
What is the units digit of 2985887711?
1
What is the tens digit of 1311448688?
8
What is the tens digit of 8244393?
9
What is the thousands digit of 1879917160?
7
What is the hundred thousands digit of 245653385?
6
What is the units digit of 58238705?
5
What is the tens digit of 7018636?
3
What is the thousands digit of 46977083?
7
What is the thousands digit of 243844074?
4
What is the millions digit of 91112463?
1
What is the tens digit of 136849823?
2
What is the thousands digit of 107397422?
7
What is the thousands digit of 2345769572?
9
What is the millions digit of 1136243135?
6
What is the thousands digit of 53775400?
5
What is the hundred thousands digit of 134142623?
1
What is the units digit of 114715862?
2
What is the hundreds digit of 207732536?
5
What is the millions digit of 60601607?
0
What is the tens digit of 27355826?
2
What is the ten millions digit of 800212998?
0
What is the hundred millions digit of 797264763?
7
What is the units digit of 287234945?
5
What is the millions digit of 707702800?
7
What is the thousands digit of 43137433?
7
What is the millions digit of 5082885072?
2
What is the hundreds digit of 2797991130?
1
What is the hundreds digit of 996853?
8
What is the hundreds digit of 197141813?
8
What is the ten thousands digit of 36770382?
7
What is the hundred thousands digit of 82102012?
1
What is the hundred thousands digit of 2519174882?
1
What is the hundred thousands digit of 88296495?
2
What is the ten thousands digit of 34687992?
8
What is the thousands digit of 100320517?
0
What is the tens digit of 10148717?
1
What is the thousands digit of 174161351?
1
What is the ten millions digit of 26884807?
2
What is the billions digit of 1463362457?
1
What is the hundred thousands digit of 1628252810?
2
What is the thousands digit of 355610540?
0
What is the hundreds digit of 180635023?
0
What is the ten thousands digit of 125098742?
9
What is the ten thousands digit of 756787462?
8
What is the units digit of 367150432?
2
What is the millions digit of 186798225?
6
What is the hundred millions digit of 4167120792?
1
What is the ten thousands digit of 3927446899?
4
What is the thousands digit of 219751604?
1
What is the hundred thousands digit of 56611593?
6
What is the ten millions digit of 123886818?
2
What is the millions digit of 765442028?
5
What is the units digit of 60794697?
7
What is the units digit of 351009486?
6
What is the ten thousands digit of 2886027?
8
What is the thousands digit of 2013783911?
3
What is the ten thousands digit of 1341617394?
1
What is the tens digit of 2403557062?
6
What is the tens digit of 160564429?
2
What is the units digit of 175987605?
5
What is the millions digit of 1306016543?
6
What is the hundred millions digit of 1295963128?
2
What is the ten millions digit of 136588066?
3
What is the units digit of 522864619?
9
What is the hundreds digit of 599948604?
6
What is the billions digit of 2439717870?
2
What is the tens digit of 1300327956?
5
What is the units digit of 34532974?
4
What is the millions digit of 6392183777?
2
What is the hundred thousands digit of 150853519?
8
What is the hundred thousands digit of 15845969?
8
What is the hundred millions digit of 5663202665?
6
What is the hundred thousands digit of 14655798?
6
What is the hundred thousands digit of 4897736481?
7
What is the ten thousands digit of 315798239?
9
What is the ten thousands digit of 154880828?
8
What is the hundred thousands digit of 135516805?
5
What is the thousands digit of 16201568?
1
What is the thousands digit of 2388258999?
8
What is the hundreds digit of 1986597934?
9
What is the billions digit of 3149573068?
3
What is the millions digit of 18667931?
8
What is the hundreds digit of 4010999849?
8
What is the billions digit of 7507851721?
7
What is the ten millions digit of 331553555?
3
What is the hundreds digit of 4542382251?
2
What is the hundred thousands digit of 79018893?
0
What is the ten millions digit of 43122095?
4
What is the thousands digit of 2640693?
0
What is the tens digit of 2117338324?
2
What is the ten millions digit of 237172765?
3
What is the tens digit of 3785970799?
9
What is the units digit of 9110723?
3
What is the units digit of 46973275?
5
What is the units digit of 3715454437?
7
What is the hundred thousands digit of 156421618?
4
What is the ten thousands digit of 23763198?
6
What is the units digit of 504677963?
3
What is the thousands digit of 340671494?
1
What is the hundreds digit of 8854184?
1
What is the ten millions digit of 160463863?
6
What is the millions digit of 47870258?
7
What is the millions digit of 37742276?
7
What is the hundred thousands digit of 64344124?
3
What is the hundred thousands digit of 131365960?
3
What is the ten millions digit of 285091752?
8
What is the hundreds digit of 125839844?
8
What is the hundreds digit of 1081146696?
6
What is the tens digit of 2335640?
4
What is the hundred thousands digit of 6340758?
3
What is the hundred millions digit of 153527423?
1
What is the ten millions digit of 65505123?
6
What is the ten millions digit of 260703950?
6
What is the millions digit of 37497446?
7
What is the hundreds digit of 3697508623?
6
What is the units digit of 46092960?
0
What is the thousands digit of 1017453600?
3
What is the ten thousands digit of 1860263839?
6
What is the hundreds digit of 2272402924?
9
What is the hundreds digit of 4849304767?
7
What is the hundreds digit of 129486109?
1
What is the millions digit of 3652419735?
2
What is the hundreds digit of 7898951318?
3
What is the hundred millions digit of 369868569?
3
What is the ten millions digit of 109316603?
0
What is the hundred thousands digit of 1281629729?
6
What is the thousands digit of 2072345101?
5
What is the ten millions digit of 3969042348?
6
What is the ten millions digit of 45713938?
4
What is the ten thousands digit of 45085857?
8
What is the ten millions digit of 79557530?
7
What is the thousands digit of 194875652?
5
What is the hundred millions digit of 7608751195?
6
What is the tens digit of 925806517?
1
What is the thousands digit of 164525912?
5
What is the tens digit of 79368877?
7
What is the tens digit of 465074259?
5
What is the ten millions digit of 43325397?
4
What is the hundred millions digit of 3333091871?
3
What is the millions digit of 1938047547?
8
What is the tens digit of 717647830?
3
What is the billions digit of 3024369224?
3
What is the units digit of 3170025680?
0
What is the millions digit of 3816935?
3
What is the ten thousands digit of 221216735?
1
What is the hundred thousands digit of 2548738147?
7
What is the millions digit of 555488115?
5
What is the thousands digit of 376556669?
6
What is the units dig